at is the greatest common divisor of 6413 and 13068?
121
Calculate the highest common factor of 7205 and 20305.
655
What is the highest common divisor of 81 and 23905449?
81
Calculate the highest common divisor of 4869 and 2290053.
1623
Calculate the highest common factor of 414 and 859554.
18
Calculate the greatest common divisor of 50 and 258475.
25
What is the highest common divisor of 7 and 1252013?
7
What is the highest common divisor of 182962 and 31?
31
Calculate the highest common factor of 10 and 5965.
5
What is the greatest common divisor of 700 and 18228?
28
What is the greatest common divisor of 56516 and 2556?
284
Calculate the highest common divisor of 59170 and 1455.
485
What is the highest common factor of 11160 and 280?
40
What is the greatest common divisor of 985 and 2000929?
197
What is the greatest common factor of 108 and 1308?
12
Calculate the greatest common factor of 24124 and 1924.
148
What is the highest common factor of 134615 and 715?
65
Calculate the highest common divisor of 178 and 14774.
178
What is the highest common divisor of 1818320 and 816?
272
What is the highest common factor of 502 and 54718?
502
What is the greatest common factor of 11563 and 1550?
31
What is the greatest common factor of 15479 and 115?
23
Calculate the greatest common factor of 1640 and 494920.
40
Calculate the greatest common factor of 2197532 and 329.
47
Calculate the greatest common factor of 37632 and 602.
14
What is the greatest common factor of 664 and 1789148?
332
Calculate the highest common divisor of 150 and 442515.
15
What is the greatest common factor of 1500 and 1139100?
300
What is the greatest common factor of 285 and 77178?
57
Calculate the greatest common factor of 1378816 and 512.
512
Calculate the highest common factor of 56 and 131236.
28
What is the greatest common divisor of 1910108 and 152?
76
Calculate the greatest common divisor of 47901 and 42.
21
Calculate the greatest common factor of 21510 and 20.
10
What is the highest common divisor of 14429 and 94?
47
Calculate the greatest common factor of 2569 and 77.
7
Calculate the highest common divisor of 2004 and 239979.
501
Calculate the highest common factor of 5007 and 3.
3
What is the highest common factor of 630 and 31896?
18
What is the highest common divisor of 10512 and 1200704?
1168
Calculate the greatest common factor of 98657 and 949.
13
Calculate the highest common factor of 92 and 87607.
23
What is the greatest common divisor of 940 and 3995?
235
What is the greatest common factor of 3055610 and 590?
590
Calculate the greatest common divisor of 523 and 41317.
523
Calculate the greatest common factor of 132 and 10252.
44
What is the highest common divisor of 1925 and 10472?
77
What is the highest common factor of 1025 and 19270?
205
What is the highest common divisor of 778016 and 2624?
1312
Calculate the greatest common factor of 82362 and 53.
53
What is the greatest common factor of 58 and 944791?
29
Calculate the highest common divisor of 31036 and 28.
4
Calculate the highest common factor of 15 and 367620.
15
What is the greatest common divisor of 24687 and 234?
117
What is the highest common divisor of 20 and 1076?
4
Calculate the highest common factor of 352 and 13332.
44
Calculate the greatest common factor of 440594 and 44.
22
Calculate the highest common factor of 30 and 5525430.
30
What is the greatest common factor of 154 and 28501?
11
What is the greatest common factor of 6804 and 17486?
14
What is the greatest common divisor of 24 and 43863?
3
What is the highest common factor of 135135 and 637?
91
What is the greatest common factor of 530 and 15264?
106
Calculate the highest common divisor of 5363127 and 1278.
639
What is the highest common factor of 285 and 26320?
5
What is the highest common factor of 12 and 61626?
6
Calculate the greatest common divisor of 49592 and 20.
4
What is the highest common factor of 82093 and 187?
187
What is the greatest common factor of 386624 and 147?
7
What is the highest common factor of 590 and 10840?
10
What is the greatest common divisor of 18 and 492705?
9
What is the highest common factor of 468 and 14508?
468
Calculate the highest common factor of 210 and 625674.
42
Calculate the highest common factor of 14 and 3862.
2
What is the highest common factor of 1215 and 1060?
5
Calculate the highest common divisor of 15762 and 2982.
426
What is the greatest common factor of 12762046 and 44?
22
What is the highest common divisor of 144 and 21339?
9
Calculate the highest common factor of 58 and 438538.
58
Calculate the highest common divisor of 712 and 16764.
4
What is the highest common divisor of 39786 and 12?
6
What is the greatest common factor of 1210 and 11160?
10
Calculate the greatest common divisor of 350311 and 13.
13
Calculate the greatest common divisor of 282880 and 510.
170
What is the highest common factor of 1481 and 1372887?
1481
Calculate the highest common factor of 168 and 149898.
42
What is the highest common divisor of 232 and 50924?
116
What is the greatest common divisor of 3824 and 1673?
239
What is the highest common factor of 16874 and 10777?
13
What is the greatest common divisor of 43829 and 1025?
41
Calculate the highest common divisor of 409437 and 194.
97
What is the greatest common divisor of 2093 and 86848?
23
What is the highest common factor of 9259 and 4747?
47
Calculate the greatest common factor of 731204 and 2.
2
What is the greatest common divisor of 165 and 183381?
33
What is the greatest common factor of 65214 and 432?
18
What is the greatest common factor of 867532 and 292?
292
Calculate the greatest common factor of 421311 and 1502.
751
Calculate the highest common divisor of 673139 and 181.
181
Calculate the highest common factor of 1916 and 4193645.
479
What is the greatest common factor of 18879 and 24?
3
Calculate the greatest common divisor of 10624 and 1079.
83
What is the greatest common divisor of 36450 and 648?
162
Calculate the greatest common divisor of 5676 and 30315.
129
What is the greatest common factor of 909450 and 6?
6
Calculate the greatest common divisor of 24 and 612726.
6
Calculate the greatest common divisor of 13408 and 288.
32
What is the highest common divisor of 320 and 16805?
5
What is the greatest common divisor of 258 and 165292?
86
What is the highest common divisor of 3764355 and 35?
35
What is the greatest common divisor of 1845 and 146985?
615
Calculate the highest common divisor of 2836 and 108.
4
What is the highest common factor of 3052655 and 205?
205
What is the highest common factor of 12586 and 253141?
203
What is the highest common divisor of 646 and 204?
34
What is the greatest common divisor of 13034 and 114?
38
Calculate the greatest common divisor of 2256 and 903.
3
Calculate the greatest common factor of 456 and 6720.
24
What is the highest common factor of 2821 and 1209?
403
What is the greatest common factor of 156 and 790842?
78
Calculate the greatest common divisor of 175 and 23825.
25
Calculate the highest common factor of 896 and 5670.
14
What is the highest common divisor of 159 and 27295?
53
What is the highest common divisor of 432 and 135?
27
What is the highest common divisor of 124 and 1309626?
62
Calculate the greatest common factor of 9770 and 590.
10
What is the greatest common factor of 205797 and 20091?
543
What is the greatest common divisor of 8033456 and 976?
976
Calculate the greatest common factor of 69 and 59593.
23
What is the highest common divisor of 48600 and 6291?
27
What is the greatest common factor of 805 and 34293?
161
Calculate the highest common divisor of 55808 and 2180.
436
What is the greatest common factor of 368 and 58848?
16
Calculate the greatest common divisor of 226 and 2.
2
What is the greatest common factor of 416 and 149600?
32
Calculate the greatest common divisor of 3996944 and 127.
127
Calculate the highest common factor of 1995 and 1520.
95
What is the highest common divisor of 30 and 98250?
30
What is the highest common factor of 28 and 67529?
7
What is the greatest common factor of 956 and 71?
1
Calculate the highest common factor of 31960 and 235.
235
What is the highest common factor of 10812 and 1530?
102
Calculate the highest common divisor of 2592 and 5.
